{"id":344,"date":"2023-09-24T16:10:07","date_gmt":"2023-09-24T14:10:07","guid":{"rendered":"https:\/\/www.heureka-oberthurgau.ch\/?page_id=344"},"modified":"2025-09-11T14:37:39","modified_gmt":"2025-09-11T12:37:39","slug":"infos","status":"publish","type":"page","link":"https:\/\/www.heureka-oberthurgau.ch\/index.php\/infos\/","title":{"rendered":"Infos"},"content":{"rendered":"<div class=\"post-content\">\n<h1 class=\"has-text-align-center\" style=\"font-size:45px\"><strong>Informationen<\/strong><\/h1>\n\n\n\n<p><\/p>\n\n\n\n<h3 class=\"has-text-align-left\">Was ist Heureka Oberthurgau?&nbsp; <\/h3>\n\n\n\n<p class=\"has-text-align-left\">Du experimentierst oder t\u00fcftelst gerne? Du erforscht gerne die Natur? Dann bist du im Heureka-MINT Angebot genau richtig. Im Orientierungssemester wird dir ein vielf\u00e4ltiges Programm in den Bereichen Biologie, Chemie und Technik\/IT geboten und l\u00e4sst dich in die verschiedenen Wissenschaften eintauchen. Danach entscheidest du dich entweder f\u00fcr den Bereich Natur erforschen oder Technik\/IT und lernst in den folgenden Semestern viele spannende Inhalte in diesen Bereichen kennen. Die Vertiefungssemester finden jeweils w\u00e4hrend der Unterrichtszeit statt (pull-out). Vermehrt werden dann auch eigene Projekte geplant und umgesetzt.&nbsp; <\/p>\n\n\n\n<h4 class=\"has-black-color has-text-color\"><strong>Informatik\/Technik<\/strong><\/h4>\n\n\n\n<p>Hast du dich schon gefragt, wie ein Smartphone Schritte z\u00e4hlen oder ein Staubsauge-Roboter Hindernissen ausweichen kann? Oder hattest du schon mal eine Idee f\u00fcr eine tolle Erfindung? Was w\u00fcrdest du erfinden und bauen, wenn du das Zeug dazu h\u00e4ttest? Wir programmieren kleine Steuerungen, schliessen Sensoren, Motoren und bunte LEDs an. Und wir lernen, was es braucht, damit wir unsere Ideen bauen und ausprobieren k\u00f6nnen.&nbsp;&nbsp;<\/p>\n\n\n\n<h4 class=\"has-black-color has-text-color\"><strong>Naturwissenschaften<\/strong><\/h4>\n\n\n\n<p>Du f\u00fchrst in der K\u00fcche lieber chemische Experimente durch als zu backen und m\u00f6chtest immer ganz genau wissen, wie der menschliche K\u00f6rper funktioniert? M\u00f6chtest du Naturph\u00e4nomenen auf den Grund gehen und mehr \u00fcber dich und deine Umwelt erfahren? Wir experimentieren im Chemielabor, gehen dem Aufbau verschiedener Stoffe auf den Grund und entdecken die Welt der Kleinstlebewesen mit Hilfe von Mikroskopen. Wir erfahren mehr \u00fcber den menschlichen K\u00f6rper und f\u00fchren eigene Experimente durch.&nbsp;&nbsp;&nbsp;&nbsp;<\/p>\n\n\n\n<h3 class=\"has-text-align-left\">Wo findet Heureka Oberthurgau statt?<\/h3>\n\n\n\n<p>Das Programm findet in den Biologie- und Chemielaboren und im sogenannten MakerSpace an der Kanti Romanshorn statt. Der MakerSpace ist ein kreativer Raum, in welchem das n\u00f6tige Material vorhanden ist, um allerlei interessante und anspruchsvolle Projekte umgesetzt werden k\u00f6nnen. Extra f\u00fcr das Heureka-MINT Angebot entworfen, freut sich der MakerSpace darauf, bald von vielen kreativen K\u00f6pfen besiedelt zu werden.&nbsp;&nbsp;<\/p>\n\n\n\n<h3>In welchem Zusammenhang steht Heureka mit der Begabungs- und Begabtenf\u00f6rderung (BBF)? <\/h3>\n\n\n\n<p>Das Projekt ist eine regionale Version der kantonalen Begabungs- und Begabtenf\u00f6rderung (BBF), welche durch die Mittel- und Berufsschulen angeboten wird. In der Pilotphase liegt das Schwergewicht auf dem MINT<em>-Bereich statt (<\/em>Mathematik, Informatik, Naturwissenschaften). Es soll die L\u00fccke zwischen der lokalen BBF, welche in den Schulen selbst stattfindet, und der kantonalen BBF, welche im ganzen Kanton verteilt stattfindet, schliessen.<\/p>\n\n\n\n<p>Das Angebot richtet sich an besonders begabte und engagierte Sch\u00fclerinnen und Sch\u00fcler der vierten bis f\u00fcnften Klasse, die in einem Fachexperten-Umfeld \u00fcber mehrere Semester gef\u00f6rdert werden sollen.<\/p>\n\n\n\n<h3>Lernziele<\/h3>\n\n\n\n<ul><li>Du erforschst die Welt der Naturwissenschaften und der Technik und lernst diese kennen<\/li><li>Du entdeckst den Aufbau der stofflichen Welt der Chemie<\/li><li>Du lernst die Reaktionen von kleinsten Teilchen kennen: von Atomen bis hin zu Molek\u00fclen<\/li><li>Du verstehst wie man mit BBC micro:bit programmiert und kannst dies im projektartigen Arbeiten anwenden<\/li><\/ul>\n\n\n\n<h3>Zielgruppe<\/h3>\n\n\n\n<ul><li>4. und&nbsp;5. Klasse (gilt f\u00fcr den Einstieg ins Orientierungssemester)<\/li><\/ul>\n\n\n\n<h3>Voraussetzungen<\/h3>\n\n\n\n<ul><li>Freude an Mathematik, NMG und Medien und Informatik sowie gute bis sehr gute Noten in mehreren dieser F\u00e4cher<\/li><li>Freude am T\u00fcfteln und am Umgang mit technischen Dingen und Ger\u00e4ten<\/li><\/ul>\n\n\n\n<h3>Semester\u00fcbersicht<\/h3>\n\n\n\n<figure class=\"wp-block-image size-large is-resized\"><img loading=\"lazy\" src=\"https:\/\/www.heureka-oberthurgau.ch\/wp-content\/uploads\/2025\/09\/Grafik-Curriculum-MINT-1024x522.png\" alt=\"\" class=\"wp-image-486\" width=\"765\" height=\"390\" srcset=\"https:\/\/www.heureka-oberthurgau.ch\/wp-content\/uploads\/2025\/09\/Grafik-Curriculum-MINT-1024x522.png 1024w, https:\/\/www.heureka-oberthurgau.ch\/wp-content\/uploads\/2025\/09\/Grafik-Curriculum-MINT-300x153.png 300w, https:\/\/www.heureka-oberthurgau.ch\/wp-content\/uploads\/2025\/09\/Grafik-Curriculum-MINT-768x391.png 768w, https:\/\/www.heureka-oberthurgau.ch\/wp-content\/uploads\/2025\/09\/Grafik-Curriculum-MINT-1536x783.png 1536w, https:\/\/www.heureka-oberthurgau.ch\/wp-content\/uploads\/2025\/09\/Grafik-Curriculum-MINT-2048x1044.png 2048w\" sizes=\"(max-width: 765px) 100vw, 765px\" \/><\/figure>\n\n\n\n<h3>Bewerbung<\/h3>\n\n\n\n<p>Die Bewerbung f\u00fcr eine Teilnahme erfolgt online \u00fcber die Webseite der Die Bewerbung f\u00fcr eine Teilnahme erfolgt online \u00fcber die Webseite der Begabungs- und Begabtenf\u00f6rderung <a href=\"https:\/\/bbf.tg.ch\/\" data-type=\"URL\">B<\/a><a href=\"https:\/\/bbf.tg.ch\/ateliers.html\/5865\" data-type=\"URL\">B<\/a><a href=\"https:\/\/bbf.tg.ch\/\" data-type=\"URL\">F<\/a>. <\/p>\n\n\n\n<p>Die folgenden Angaben werden ben\u00f6tigt:<\/p>\n\n\n\n<ul><li>Einverst\u00e4ndniserkl\u00e4rung der Eltern;<\/li><li>Motivationsschreiben der Sch\u00fclerin\/des Sch\u00fclers;<\/li><li>Zus\u00e4tzlich kann eine Empfehlung der Klassenlehrperson eingereicht werden (f\u00fcr<br>Orientierungssemester empfohlen jedoch freiwillig, f\u00fcr Vertiefungssemester<br>zwingend)<\/li><\/ul>\n<\/div>","protected":false},"excerpt":{"rendered":"<p>Informationen Was ist Heureka Oberthurgau?&nbsp; Du experimentierst oder t\u00fcftelst gerne?<a href=\"https:\/\/www.heureka-oberthurgau.ch\/index.php\/infos\/\">Read More<i class=\"fa fa-long-arrow-right\" aria-hidden=\"true\"><\/i><\/a><\/p>\n","protected":false},"author":7,"featured_media":0,"parent":0,"menu_order":0,"comment_status":"closed","ping_status":"closed","template":"","meta":[],"_links":{"self":[{"href":"https:\/\/www.heureka-oberthurgau.ch\/index.php\/wp-json\/wp\/v2\/pages\/344"}],"collection":[{"href":"https:\/\/www.heureka-oberthurgau.ch\/index.php\/wp-json\/wp\/v2\/pages"}],"about":[{"href":"https:\/\/www.heureka-oberthurgau.ch\/index.php\/wp-json\/wp\/v2\/types\/page"}],"author":[{"embeddable":true,"href":"https:\/\/www.heureka-oberthurgau.ch\/index.php\/wp-json\/wp\/v2\/users\/7"}],"replies":[{"embeddable":true,"href":"https:\/\/www.heureka-oberthurgau.ch\/index.php\/wp-json\/wp\/v2\/comments?post=344"}],"version-history":[{"count":18,"href":"https:\/\/www.heureka-oberthurgau.ch\/index.php\/wp-json\/wp\/v2\/pages\/344\/revisions"}],"predecessor-version":[{"id":496,"href":"https:\/\/www.heureka-oberthurgau.ch\/index.php\/wp-json\/wp\/v2\/pages\/344\/revisions\/496"}],"wp:attachment":[{"href":"https:\/\/www.heureka-oberthurgau.ch\/index.php\/wp-json\/wp\/v2\/media?parent=344"}],"curies":[{"name":"wp","href":"https:\/\/api.w.org\/{rel}","templated":true}]}}